1475243773?
1475243773
What are the prime factors of 21525415?
5, 4305083
List the prime factors of 7189104.
2, 3, 13, 41, 281
List the prime factors of 3273216779.
7, 23, 20330539
List the prime factors of 10722457.
113, 94889
List the prime factors of 265951064.
2, 33243883
What are the prime factors of 4092100848?
2, 3, 11, 43, 73, 823
List the prime factors of 1195772764.
2, 631, 473761
List the prime factors of 104779555.
5, 20955911
What are the prime factors of 218234537?
12763, 17099
What are the prime factors of 165707288?
2, 20713411
List the prime factors of 16529038.
2, 659, 12541
List the prime factors of 531129431.
7, 75875633
What are the prime factors of 10035650?
2, 5, 200713
List the prime factors of 213830634.
2, 3, 67, 331, 1607
List the prime factors of 272336365.
5, 7, 1111577
What are the prime factors of 265359117?
3, 97, 571, 1597
List the prime factors of 1218286327.
19, 61, 1051153
List the prime factors of 210486488.
2, 37, 19219
What are the prime factors of 219608116?
2, 7, 13, 603319
What are the prime factors of 96094796?
2, 7, 97, 35381
What are the prime factors of 3093296019?
3, 11, 3967, 23629
What are the prime factors of 927021349?
6133, 151153
List the prime factors of 16700721.
3, 73, 76259
What are the prime factors of 207408501?
3, 131, 175919
List the prime factors of 142343505.
3, 5, 127, 24907
What are the prime factors of 563638327?
7, 11502823
List the prime factors of 146952095.
5, 29390419
List the prime factors of 504627970.
2, 5, 7, 11, 251, 373
List the prime factors of 4559187276.
2, 3, 7, 193, 31247
What are the prime factors of 60350832?
2, 3, 46567
List the prime factors of 421914550.
2, 5, 1283, 6577
What are the prime factors of 67470194?
2, 11, 3066827
What are the prime factors of 3420223520?
2, 5, 7, 436253
What are the prime factors of 14381438?
2, 73, 137, 719
List the prime factors of 489535326.
2, 3, 7, 41, 10529
What are the prime factors of 40891354?
2, 7, 2920811
List the prime factors of 7108270.
2, 5, 13, 54679
List the prime factors of 197659859.
691, 286049
List the prime factors of 34887478.
2, 2069, 8431
What are the prime factors of 9874603?
17, 580859
What are the prime factors of 9819664?
2, 41, 14969
List the prime factors of 367425039.
3, 97, 1262629
List the prime factors of 4800550126.
2, 37, 599, 108301
List the prime factors of 39257912.
2, 4907239
What are the prime factors of 92641638?
2, 3, 461, 33493
List the prime factors of 69882997.
2281, 30637
List the prime factors of 235847076.
2, 3, 19, 54443
List the prime factors of 4256834418.
2, 3, 2897, 27211
List the prime factors of 491948064.
2, 3, 379, 4507
What are the prime factors of 6301568?
2, 7, 13, 541
What are the prime factors of 22351343?
7, 3193049
List the prime factors of 543829645.
5, 108765929
List the prime factors of 548466936.
2, 3, 22852789
List the prime factors of 4217778.
2, 3, 37, 2111
List the prime factors of 5456777.
5456777
What are the prime factors of 68182512?
2, 3, 17, 83557
What are the prime factors of 785776008?
2, 3, 19, 1723193
List the prime factors of 2915362904.
2, 37, 653, 15083
What are the prime factors of 563221209?
3, 29, 6473807
List the prime factors of 60445698.
2, 3, 1607, 6269
List the prime factors of 1185600275.
5, 4243, 11177
What are the prime factors of 507159616?
2, 73, 108553
List the prime factors of 16893200.
2, 5, 157, 269
List the prime factors of 29141161.
7, 23, 181001
What are the prime factors of 2130329489?
36559, 58271
What are the prime factors of 12745768?
2, 7, 227603
List the prime factors of 167944551.
3, 23, 2433979
List the prime factors of 53792216.
2, 17, 23, 29, 593
What are the prime factors of 46766835?
3, 5, 346421
What are the prime factors of 51926083?
11, 4720553
List the prime factors of 1903477782.
2, 3, 827, 383611
What are the prime factors of 818168216?
2, 71, 1440437
What are the prime factors of 1504817830?
2, 5, 29, 5189027
What are the prime factors of 211115833?
3623, 58271
What are the prime factors of 43764972?
2, 3, 359, 10159
List the prime factors of 1457629660.
2, 5, 72881483
What are the prime factors of 2600442873?
3, 7, 509591
What are the prime factors of 320135780?
2, 5, 113, 141653
What are the prime factors of 1159400566?
2, 113, 131, 39161
List the prime factors of 226194953.
73, 3098561
List the prime factors of 182986443.
3, 269, 75583
List the prime factors of 3029394619.
3029394619
What are the prime factors of 66253315?
5, 47, 257, 1097
List the prime factors of 1371737656.
2, 41, 4182127
What are the prime factors of 3530775309?
3, 1176925103
What are the prime factors of 604008224?
2, 1693, 11149
What are the prime factors of 4176144828?
2, 3, 116004023
List the prime factors of 289029214.
2, 71, 2035417
What are the prime factors of 1874778172?
2, 3539, 132437
List the prime factors of 905432996.
2, 13, 23, 31, 24421
List the prime factors of 2158125502.
2, 13, 1051, 78977
What are the prime factors of 51466208?
2, 17, 89, 1063
List the prime factors of 245243616.
2, 3, 2554621
What are the prime factors of 116361351?
3, 12929039
What are the prime factors of 2304897817?
311, 7411247
List the prime factors of 471183774.
2, 3, 19, 163, 25357
List the prime factors of 161146516.
2, 311, 129539
What are the prime factors of 125693308?
2, 13, 17, 29, 4903
What are the prime factors of 299286198?
2, 3, 211, 26267
What are the prime factors of 822517699?
31, 26532829
What are the prime factors of 55243644?
2, 3, 67, 68711
What are the prime factors of 740671803?
3, 29, 945941
List the prime factors of 16033429.
233, 68813
What are the prime factors of 4803353824?
2, 19, 7900253
List the prime factors of 291062954.
2, 7, 13, 9463
List the prime factors of 5715374754.
2, 3, 952562459
List the prime factors of 371252621.
31, 191, 62701
List the prime factors of 2689961947.
53, 50753999
List the prime factors of 32572262.
2, 397, 41023
List the prime factors of 1129326880.
2, 5, 11, 5303
What are the prime factors of 3866449135?
5, 773289827
What are the prime factors of 2204872732?
2, 17, 32424599
List the prime factors of 1067064052.
2, 53, 5033321
What are the prime factors of 52479782?
2, 17, 757, 2039
List the prime factors of 186092450.
2, 5, 3721849
What are the prime factors of 362872764?
2, 3, 37, 71, 1279
What are the prime factors of 1381524869?
563, 1499, 1637
List the prime factors of 1008161039.
1008161039
What are the prime factors of 91256808?
2, 3, 31, 173, 709
List the prime factors of 959471798.
2, 89, 5390291
What are the prime factors of 1732830179?
17, 67, 1521361
List the prime factors of 167353615.
5, 11, 13, 19, 97, 127
List the prime factors of 1674498424.
2, 19, 197, 55921
What are the prime factors of 466973991?
3, 11, 23, 22787
List the prime factors of 26562301.
41, 647861
List the prime factors of 317169549.
3, 29, 1215209
List the prime factors of 534083822.
2, 43, 6210277
List the prime factors of 2077674387.
3, 23, 43, 113, 6197
List the prime factors of 62976440.
2, 5, 1574411
What are the prime factors of 27977112?
2, 3, 29, 13399
List the prime factors of 4327960202.
2, 2273, 952037
What are the prime factors of 779890220?
2, 5, 5171, 7541
List the prime factors of 494881450.
2, 5, 7, 241, 5867
What are the prime factors of 525533866?
2, 11, 13, 37, 49663
What are the prime factors of 10443866?
2, 5221933
What are the prime factors of 737696260?
2, 5, 7, 5269259
List the prime factors of 153389310.
2, 3, 5, 137, 37321
List the prime factors of 49222798.
2, 24611399
List the prime factors of 352505752.
2, 44063219
List the prime factors of 28964248.
2, 619, 5849
What are the prime factors of 16574470?
2, 5, 11, 89, 1693
List the prime factors of 5793678.
2, 3, 11, 29, 1009
List the prime factors of 173581402.
2, 86790701
List the prime factors of 562895774.
2, 7, 2711, 14831
What are the prime factors of 594265933?
1237, 480409
List the prime factors of 968315046.
2, 3, 29, 5565029
What are the prime factors of 408628385?
5, 11, 7429607
What are the prime factors of 818437054?
2, 10037, 40771
What are the prime factors of 1289739?
3, 11, 17, 19
List the prime factors of 2199811194.
2, 3, 7, 2494117
List the prime factors of 1967488938.
2, 3, 83, 919, 1433
What are th